{"id":620,"date":"2015-01-20T11:30:08","date_gmt":"2015-01-20T16:30:08","guid":{"rendered":"http:\/\/www.oacas.org\/?page_id=620"},"modified":"2022-06-06T10:46:20","modified_gmt":"2022-06-06T14:46:20","slug":"plan-strategique","status":"publish","type":"page","link":"https:\/\/www.oacas.org\/fr\/a-propos-de\/plan-strategique\/","title":{"rendered":"Plan strat\u00e9gique"},"content":{"rendered":"<p>L\u2019AOSAE a instaur\u00e9 un plan strat\u00e9gique quinquennal en 2018, qui \u00e9tablit l\u2019orientation de l\u2019AOSAE et du secteur du bien-\u00eatre de l\u2019enfance jusqu\u2019en 2023. En \u00e9laborant le plan, nous avons entrepris un processus exhaustif d\u2019engagement des parties prenantes avec 1\u00a0800 participants, par l\u2019entremise de nombreuses rencontres provinciales, d\u2019entrevues avec des informateurs cl\u00e9s, de groupes de discussion et de sondages en ligne. Le plan d\u00e9crit la direction que les enfants, les jeunes, les familles et les collectivit\u00e9s souhaitent que le syst\u00e8me de services \u00e0 l\u2019enfance prenne, et \u00e9nonce les strat\u00e9gies que nous utiliserons pour y arriver.<\/p>\n<p>Nous repensons le bien-\u00eatre de l\u2019enfance : un syst\u00e8me de services \u00e0 l\u2019enfance efficace qui aide l\u2019ENSEMBLE des enfants, des jeunes, des familles et des collectivit\u00e9s \u00e0 s\u2019\u00e9panouir.<\/p>\n<div class=\"divider\"><\/div>\n<div class=\"two_third\">\n<h4><span style=\"color: #39b54a;\"><strong>QUI NOUS SOMMES<br \/>\n<\/strong><\/span><\/h4>\n<div>L\u2019AOSAE est un collectif d\u2019agences du bien-\u00eatre de l\u2019enfance, et nous :<\/div>\n<ul>\n<li><span style=\"color: #39b54a;\"><strong>Dirigeons courageusement.<\/strong><\/span> Nous inspirons et orientons des changements syst\u00e9miques transformateurs dans le bien \u00eatre de l\u2019enfance et dans l\u2019ensemble du syst\u00e8me de services \u00e0 l\u2019enfance.<\/li>\n<li><span style=\"color: #39b54a;\"><strong>Revendiquons audacieusement.<\/strong><\/span> Nous influen\u00e7ons l\u2019opinion publique, les orientations de politiques et les d\u00e9cisions relatives au syst\u00e8me de services \u00e0 l\u2019enfance, et faisons valoir l\u2019impact des d\u00e9terminants sociaux de la sant\u00e9.<\/li>\n<li><span style=\"color: #39b54a;\"><strong>Servons efficacement.<\/strong><\/span> Nous renfor\u00e7ons le syst\u00e8me du bien-\u00eatre de l\u2019enfance en offrant des programmes provinciaux, des ressources d\u2019information, des outils de soutien et des services partag\u00e9s.<\/li>\n<\/ul>\n<div class=\"divider\"><\/div>\n<h4><span style=\"color: #39b54a;\"><strong>O\u00d9 NOUS ALLONS<br \/>\n<\/strong><\/span><\/h4>\n<p>Les enfants, les jeunes, les familles et les communaut\u00e9s nous ont dit qu\u2019ils voulaient :<\/p>\n<ul>\n<li><span style=\"color: #39b54a;\"><strong>\u00c9quit\u00e9 et appartenance.<\/strong><\/span> Nous reconnaissons que le racisme, le racisme envers les Noirs, le racisme envers les Autochtones et les iniquit\u00e9s sociales m\u00e8nent \u00e0 la surrepr\u00e9sentation et \u00e0 la disparit\u00e9 des r\u00e9sultats. Nous nous assurerons que les services sont culturellement s\u00e9curitaires, appuient les enfants alors qu\u2019ils d\u00e9veloppent leur identit\u00e9 et leur procurent un sentiment d\u2019appartenance. Nous appuierons la prestation de services en fran\u00e7ais.<\/li>\n<li><span style=\"color: #39b54a;\"><strong>Respect et autonomisation.<\/strong><\/span> Nous placerons les enfants et les jeunes au centre de la prise de d\u00e9cisions. Nous nous assurerons que les enfants, les jeunes et les familles jouent un r\u00f4le actif dans la planification de leur propre vie et la conception des services qu\u2019ils re\u00e7oivent de sorte qu\u2019ils aient plus de contr\u00f4le sur leur avenir.<\/li>\n<li><span style=\"color: #39b54a;\"><strong>R\u00e9conciliation.<\/strong><\/span> Nous travaillerons en partenariat avec les leaders, les organismes et les communaut\u00e9s autochtones pour nous assurer que les enfants et les jeunes autochtones sont pris en charge par leur communaut\u00e9 locale. Nous appuierons la transition des services aux agences autochtones et les aiderons \u00e0 renforcer leur capacit\u00e9.<\/li>\n<li><span style=\"color: #39b54a;\"><strong>Services uniformes et excellents.<\/strong><\/span> Nous offrirons les m\u00eames services de grande qualit\u00e9 qui r\u00e9pondent aux besoins de chaque enfant, peu importe o\u00f9 il vit en Ontario. Nos agences du bien-\u00eatre de l\u2019enfance seront plus coordonn\u00e9es entre elles et avec les autres fournisseurs de services sociaux dans la communaut\u00e9.<\/li>\n<\/ul>\n<div class=\"divider\"><\/div>\n<h4><span style=\"color: #39b54a;\"><strong>COMMENT NOUS Y ARRIVERONS<\/strong><\/span><\/h4>\n<p>En collaboration avec les partenaires communautaires, le gouvernement et d\u2019autres fournisseurs de services sociaux, nous :<\/p>\n<ul>\n<li><span style=\"color: #39b54a;\"><strong> \u00c9tendrons les relations.<\/strong><\/span> Nous reconnaissons que les partenariats authentiques et \u00e9quitables am\u00e9liorent le bien-\u00eatre de l\u2019enfance. Nous nous efforcerons de cr\u00e9er des relations positives et efficaces avec les enfants, les jeunes, les familles, les communaut\u00e9s et les intervenants provinciaux.<\/li>\n<li><span style=\"color: #39b54a;\"><strong>Changerons notre fa\u00e7on de travailler.<\/strong><\/span> Nous renforcerons les structures qui fonctionnent bien et \u00e9laborerons de nouvelles structures qui faciliteront l\u2019utilisation des services. Nous modifierons les politiques et les pratiques qui sont ancr\u00e9es dans le colonialisme et investirons dans nos ressources o\u00f9 elles sont requises et sont les plus efficaces.<\/li>\n<li><span style=\"color: #39b54a;\"><strong>Investirons dans les personnes.<\/strong><\/span> Nous renforcerons le leadership, la formation et les ressources \u00e0 l\u2019intention des professionnels du bien-\u00eatre de l\u2019enfance, des personnes responsables, des b\u00e9n\u00e9voles et des membres des conseils d\u2019administration afin de contribuer \u00e0 la r\u00e9alisation de changements syst\u00e9miques. Nous nous assurerons que les personnes accomplissant et dirigeant le travail refl\u00e8tent la communaut\u00e9 qu\u2019elles servent.<\/li>\n<li><span style=\"color: #39b54a;\"><strong>Fonderons notre travail sur des preuves.<\/strong><\/span> Les donn\u00e9es de recherche, combin\u00e9es aux \u00e9tudes de recherche et aux voix des enfants, des familles et des intervenants cl\u00e9s, dirigeront notre travail. Nous am\u00e9liorerons la qualit\u00e9 de nos donn\u00e9es.<\/li>\n<\/ul>\n<div class=\"divider\"><\/div>\n<\/div> <div class=\"one_third last_column\">\n<img fetchpriority=\"high\" decoding=\"async\" class=\"alignnone size-full wp-image-496\" title=\"two girls exploring nature\" src=\"http:\/\/www.oacas.org\/wp-content\/uploads\/2015\/04\/two-girls-exploring.jpg\" alt=\"two girls exploring nature\" width=\"300\" height=\"300\" \/>\n<div class=\"sidebar-info\">\n<h4>Ce que nous valorisons<\/h4>\n<p>Nous visons l\u2019<strong>\u00c9quit\u00e9<\/strong> dans tous les aspects de notre travail.<\/p>\n<p>Nous <strong>Collaborons<\/strong> avec les familles et les partenaires communautaires avec un <strong>Respect<\/strong> et une <strong>Humilit\u00e9<\/strong> authentiques.<\/p>\n<p>Nous sommes <strong>Responsables <\/strong> et <strong>Transparents<\/strong>, peu importe les r\u00e9sultats de notre travail.<\/p>\n<p>Nous agissons avec le <strong>Courage<\/strong> d\u2019adopter l\u2019<strong>Innovation<\/strong>, en sachant que les changements positifs peuvent \u00eatre d\u00e9stabilisants.<\/p>\n<div class=\"divider\"><\/div>\n<img decoding=\"async\" class=\"wp-image-4973 size-medium alignnone\" src=\"http:\/\/www.oacas.org\/wp-content\/uploads\/2018\/09\/strategic-plan-french-231x300.png\" alt=\"\" width=\"231\" height=\"300\" srcset=\"https:\/\/www.oacas.org\/wp-content\/uploads\/2018\/09\/strategic-plan-french-231x300.png 231w, https:\/\/www.oacas.org\/wp-content\/uploads\/2018\/09\/strategic-plan-french.png 486w\" sizes=\"(max-width: 231px) 100vw, 231px\" \/>\n<p>T\u00e9l\u00e9charger une copie de notre <a href=\"http:\/\/www.oacas.org\/wp-content\/uploads\/2022\/06\/oacas-strat-plan-2018-en-fr_June14_updated22.pdf\" target=\"_blank\" rel=\"noopener\">plan strat\u00e9gique<\/a>.<\/p>\n<\/div>\n<\/div>\n","protected":false},"excerpt":{"rendered":"","protected":false},"author":9,"featured_media":0,"parent":608,"menu_order":0,"comment_status":"open","ping_status":"open","template":"page-PageTemplate2.php","meta":{"footnotes":"","_links_to":"","_links_to_target":""},"class_list":["post-620","page","type-page","status-publish","hentry"],"_links":{"self":[{"href":"https:\/\/www.oacas.org\/fr\/wp-json\/wp\/v2\/pages\/620","targetHints":{"allow":["GET"]}}],"collection":[{"href":"https:\/\/www.oacas.org\/fr\/wp-json\/wp\/v2\/pages"}],"about":[{"href":"https:\/\/www.oacas.org\/fr\/wp-json\/wp\/v2\/types\/page"}],"author":[{"embeddable":true,"href":"https:\/\/www.oacas.org\/fr\/wp-json\/wp\/v2\/users\/9"}],"replies":[{"embeddable":true,"href":"https:\/\/www.oacas.org\/fr\/wp-json\/wp\/v2\/comments?post=620"}],"version-history":[{"count":0,"href":"https:\/\/www.oacas.org\/fr\/wp-json\/wp\/v2\/pages\/620\/revisions"}],"up":[{"embeddable":true,"href":"https:\/\/www.oacas.org\/fr\/wp-json\/wp\/v2\/pages\/608"}],"wp:attachment":[{"href":"https:\/\/www.oacas.org\/fr\/wp-json\/wp\/v2\/media?parent=620"}],"curies":[{"name":"wp","href":"https:\/\/api.w.org\/{rel}","templated":true}]}}

Plan stratégique

<p>L’AOSAE a instauré un plan stratégique quinquennal en 2018, qui établit l’orientation de l’AOSAE et du secteur du bien-être de l’enfance jusqu’en 2023. En élaborant le plan, nous avons entrepris un processus exhaustif d’engagement des parties prenantes avec 1 800 participants, par l’entremise de nombreuses rencontres provinciales, d’entrevues avec des informateurs clés, de groupes de discussion et de sondages en ligne. Le plan décrit la direction que les enfants, les jeunes, les familles et les collectivités souhaitent que le système de services à l’enfance prenne, et énonce les stratégies que nous utiliserons pour y arriver.</p>
<p>Nous repensons le bien-être de l’enfance : un système de services à l’enfance efficace qui aide l’ENSEMBLE des enfants, des jeunes, des familles et des collectivités à s’épanouir.</p>
<div class="divider"></div>
<div class="two_third">
<h4><span style="color: #39b54a;"><strong>QUI NOUS SOMMES<br />
</strong></span></h4>
<div>L’AOSAE est un collectif d’agences du bien-être de l’enfance, et nous :</div>
<ul>
<li><span style="color: #39b54a;"><strong>Dirigeons courageusement.</strong></span> Nous inspirons et orientons des changements systémiques transformateurs dans le bien être de l’enfance et dans l’ensemble du système de services à l’enfance.</li>
<li><span style="color: #39b54a;"><strong>Revendiquons audacieusement.</strong></span> Nous influençons l’opinion publique, les orientations de politiques et les décisions relatives au système de services à l’enfance, et faisons valoir l’impact des déterminants sociaux de la santé.</li>
<li><span style="color: #39b54a;"><strong>Servons efficacement.</strong></span> Nous renforçons le système du bien-être de l’enfance en offrant des programmes provinciaux, des ressources d’information, des outils de soutien et des services partagés.</li>
</ul>
<div class="divider"></div>
<h4><span style="color: #39b54a;"><strong>OÙ NOUS ALLONS<br />
</strong></span></h4>
<p>Les enfants, les jeunes, les familles et les communautés nous ont dit qu’ils voulaient :</p>
<ul>
<li><span style="color: #39b54a;"><strong>Équité et appartenance.</strong></span> Nous reconnaissons que le racisme, le racisme envers les Noirs, le racisme envers les Autochtones et les iniquités sociales mènent à la surreprésentation et à la disparité des résultats. Nous nous assurerons que les services sont culturellement sécuritaires, appuient les enfants alors qu’ils développent leur identité et leur procurent un sentiment d’appartenance. Nous appuierons la prestation de services en français.</li>
<li><span style="color: #39b54a;"><strong>Respect et autonomisation.</strong></span> Nous placerons les enfants et les jeunes au centre de la prise de décisions. Nous nous assurerons que les enfants, les jeunes et les familles jouent un rôle actif dans la planification de leur propre vie et la conception des services qu’ils reçoivent de sorte qu’ils aient plus de contrôle sur leur avenir.</li>
<li><span style="color: #39b54a;"><strong>Réconciliation.</strong></span> Nous travaillerons en partenariat avec les leaders, les organismes et les communautés autochtones pour nous assurer que les enfants et les jeunes autochtones sont pris en charge par leur communauté locale. Nous appuierons la transition des services aux agences autochtones et les aiderons à renforcer leur capacité.</li>
<li><span style="color: #39b54a;"><strong>Services uniformes et excellents.</strong></span> Nous offrirons les mêmes services de grande qualité qui répondent aux besoins de chaque enfant, peu importe où il vit en Ontario. Nos agences du bien-être de l’enfance seront plus coordonnées entre elles et avec les autres fournisseurs de services sociaux dans la communauté.</li>
</ul>
<div class="divider"></div>
<h4><span style="color: #39b54a;"><strong>COMMENT NOUS Y ARRIVERONS</strong></span></h4>
<p>En collaboration avec les partenaires communautaires, le gouvernement et d’autres fournisseurs de services sociaux, nous :</p>
<ul>
<li><span style="color: #39b54a;"><strong> Étendrons les relations.</strong></span> Nous reconnaissons que les partenariats authentiques et équitables améliorent le bien-être de l’enfance. Nous nous efforcerons de créer des relations positives et efficaces avec les enfants, les jeunes, les familles, les communautés et les intervenants provinciaux.</li>
<li><span style="color: #39b54a;"><strong>Changerons notre façon de travailler.</strong></span> Nous renforcerons les structures qui fonctionnent bien et élaborerons de nouvelles structures qui faciliteront l’utilisation des services. Nous modifierons les politiques et les pratiques qui sont ancrées dans le colonialisme et investirons dans nos ressources où elles sont requises et sont les plus efficaces.</li>
<li><span style="color: #39b54a;"><strong>Investirons dans les personnes.</strong></span> Nous renforcerons le leadership, la formation et les ressources à l’intention des professionnels du bien-être de l’enfance, des personnes responsables, des bénévoles et des membres des conseils d’administration afin de contribuer à la réalisation de changements systémiques. Nous nous assurerons que les personnes accomplissant et dirigeant le travail reflètent la communauté qu’elles servent.</li>
<li><span style="color: #39b54a;"><strong>Fonderons notre travail sur des preuves.</strong></span> Les données de recherche, combinées aux études de recherche et aux voix des enfants, des familles et des intervenants clés, dirigeront notre travail. Nous améliorerons la qualité de nos données.</li>
</ul>
<div class="divider"></div>
</div> <div class="one_third last_column">
<img fetchpriority="high" decoding="async" class="alignnone size-full wp-image-496" title="two girls exploring nature" src="http://www.oacas.org/wp-content/uploads/2015/04/two-girls-exploring.jpg" alt="two girls exploring nature" width="300" height="300" />
<div class="sidebar-info">
<h4>Ce que nous valorisons</h4>
<p>Nous visons l’<strong>Équité</strong> dans tous les aspects de notre travail.</p>
<p>Nous <strong>Collaborons</strong> avec les familles et les partenaires communautaires avec un <strong>Respect</strong> et une <strong>Humilité</strong> authentiques.</p>
<p>Nous sommes <strong>Responsables </strong> et <strong>Transparents</strong>, peu importe les résultats de notre travail.</p>
<p>Nous agissons avec le <strong>Courage</strong> d’adopter l’<strong>Innovation</strong>, en sachant que les changements positifs peuvent être déstabilisants.</p>
<div class="divider"></div>
<img decoding="async" class="wp-image-4973 size-medium alignnone" src="http://www.oacas.org/wp-content/uploads/2018/09/strategic-plan-french-231x300.png" alt="" width="231" height="300" srcset="https://www.oacas.org/wp-content/uploads/2018/09/strategic-plan-french-231x300.png 231w, https://www.oacas.org/wp-content/uploads/2018/09/strategic-plan-french.png 486w" sizes="(max-width: 231px) 100vw, 231px" />
<p>Télécharger une copie de notre <a href="http://www.oacas.org/wp-content/uploads/2022/06/oacas-strat-plan-2018-en-fr_June14_updated22.pdf" target="_blank" rel="noopener">plan stratégique</a>.</p>
</div>
</div>
