{"id":14511,"date":"2023-04-28T11:58:49","date_gmt":"2023-04-28T15:58:49","guid":{"rendered":"http:\/\/www.oacas.org\/wp-content\/uploads\/2023\/04\/FR_03_Sam-1.jpg"},"modified":"2023-04-28T12:02:15","modified_gmt":"2023-04-28T16:02:15","slug":"fr_03_sam-2","status":"inherit","type":"attachment","link":"https:\/\/www.oacas.org\/fr\/fr_03_sam-2\/","title":{"rendered":"FR_03_Sam"},"author":21,"featured_media":0,"comment_status":"closed","ping_status":"closed","template":"","meta":{"_links_to":"","_links_to_target":""},"class_list":["post-14511","attachment","type-attachment","status-inherit","hentry"],"description":{"rendered":"<p class=\"attachment\"><a rel='wp-prettyPhoto' href='https:\/\/www.oacas.org\/wp-content\/uploads\/2023\/04\/FR_03_Sam-1-scaled.jpg' rel=\"wp-prettyPhoto[14511]\"><img fetchpriority=\"high\" decoding=\"async\" width=\"2560\" height=\"1440\" src=\"https:\/\/www.oacas.org\/wp-content\/uploads\/2023\/04\/FR_03_Sam-1-scaled.jpg\" class=\"attachment-medium size-medium\" alt=\"\" srcset=\"https:\/\/www.oacas.org\/wp-content\/uploads\/2023\/04\/FR_03_Sam-1-scaled.jpg 2560w, https:\/\/www.oacas.org\/wp-content\/uploads\/2023\/04\/FR_03_Sam-1-768x432.jpg 768w, https:\/\/www.oacas.org\/wp-content\/uploads\/2023\/04\/FR_03_Sam-1-1536x864.jpg 1536w, https:\/\/www.oacas.org\/wp-content\/uploads\/2023\/04\/FR_03_Sam-1-2048x1152.jpg 2048w\" sizes=\"(max-width: 2560px) 100vw, 2560px\" \/><\/a><\/p>\n"},"caption":{"rendered":"<p>\u00ab Au d\u00e9but de ma prise en charge, je me suis impliqu\u00e9e dans la communaut\u00e9 Live Action Roleplay et j\u2019ai jou\u00e9 dans une section locale. La directrice du jeu, qui \u00e9tait une travailleuse sociale, m\u2019a soutenu tout au long de ma prise en charge. Si j\u2019avais besoin de quoi que ce soit, elle \u00e9tait l\u00e0, sans h\u00e9sitation. Le jour de mes 18 ans, j\u2019ai d\u00e9cid\u00e9 de quitter mon foyer et, apr\u00e8s lui en avoir fait part, elle m\u2019a invit\u00e9 chez elle. Elle a fait tout son possible pour que je me sente \u00e0 l\u2019aise chez elle et m\u2019a aid\u00e9 \u00e0 me remettre sur pied en m\u2019aidant \u00e0 trouver un emploi. Elle est entr\u00e9e dans ma vie au moment parfait, au moment o\u00f9 j\u2019en avais le plus besoin. Je lui suis tr\u00e8s reconnaissante, elle a vraiment \u00e9t\u00e9 l\u00e0 pour moi. \u00bb<\/p>\n"},"alt_text":"","media_type":"image","mime_type":"image\/jpeg","media_details":{"width":2560,"height":1440,"file":"2023\/04\/FR_03_Sam-1-scaled.jpg","filesize":507925,"sizes":{"medium_large":{"file":"FR_03_Sam-1-768x432.jpg","width":768,"height":432,"filesize":111810,"mime_type":"image\/jpeg","source_url":"https:\/\/www.oacas.org\/wp-content\/uploads\/2023\/04\/FR_03_Sam-1-768x432.jpg"},"1536x1536":{"file":"FR_03_Sam-1-1536x864.jpg","width":1536,"height":864,"filesize":251887,"mime_type":"image\/jpeg","source_url":"https:\/\/www.oacas.org\/wp-content\/uploads\/2023\/04\/FR_03_Sam-1-1536x864.jpg"},"2048x2048":{"file":"FR_03_Sam-1-2048x1152.jpg","width":2048,"height":1152,"filesize":372774,"mime_type":"image\/jpeg","source_url":"https:\/\/www.oacas.org\/wp-content\/uploads\/2023\/04\/FR_03_Sam-1-2048x1152.jpg"},"sow-carousel-default":{"file":"FR_03_Sam-1-272x182.jpg","width":272,"height":182,"filesize":54838,"mime_type":"image\/jpeg","source_url":"https:\/\/www.oacas.org\/wp-content\/uploads\/2023\/04\/FR_03_Sam-1-272x182.jpg"},"full":{"file":"FR_03_Sam-1-scaled.jpg","width":2560,"height":1440,"mime_type":"image\/jpeg","source_url":"https:\/\/www.oacas.org\/wp-content\/uploads\/2023\/04\/FR_03_Sam-1-scaled.jpg"}},"image_meta":{"aperture":"0","credit":"","camera":"","caption":"","created_timestamp":"0","copyright":"","focal_length":"0","iso":"0","shutter_speed":"0","title":"","orientation":"0","keywords":[]},"original_image":"FR_03_Sam-1.jpg"},"post":null,"source_url":"https:\/\/www.oacas.org\/wp-content\/uploads\/2023\/04\/FR_03_Sam-1-scaled.jpg","_links":{"self":[{"href":"https:\/\/www.oacas.org\/fr\/wp-json\/wp\/v2\/media\/14511","targetHints":{"allow":["GET"]}}],"collection":[{"href":"https:\/\/www.oacas.org\/fr\/wp-json\/wp\/v2\/media"}],"about":[{"href":"https:\/\/www.oacas.org\/fr\/wp-json\/wp\/v2\/types\/attachment"}],"author":[{"embeddable":true,"href":"https:\/\/www.oacas.org\/fr\/wp-json\/wp\/v2\/users\/21"}],"replies":[{"embeddable":true,"href":"https:\/\/www.oacas.org\/fr\/wp-json\/wp\/v2\/comments?post=14511"}]}}

<p>« Au début de ma prise en charge, je me suis impliquée dans la communauté Live Action Roleplay et j’ai joué dans une section locale. La directrice du jeu, qui était une travailleuse sociale, m’a soutenu tout au long de ma prise en charge. Si j’avais besoin de quoi que ce soit, elle était là, sans hésitation. Le jour de mes 18 ans, j’ai décidé de quitter mon foyer et, après lui en avoir fait part, elle m’a invité chez elle. Elle a fait tout son possible pour que je me sente à l’aise chez elle et m’a aidé à me remettre sur pied en m’aidant à trouver un emploi. Elle est entrée dans ma vie au moment parfait, au moment où j’en avais le plus besoin. Je lui suis très reconnaissante, elle a vraiment été là pour moi. »</p>
