{"id":14507,"date":"2023-04-28T11:58:34","date_gmt":"2023-04-28T15:58:34","guid":{"rendered":"http:\/\/www.oacas.org\/wp-content\/uploads\/2023\/04\/FR_03_Kaygan-1.jpg"},"modified":"2023-04-28T12:02:56","modified_gmt":"2023-04-28T16:02:56","slug":"fr_03_kaygan-2","status":"inherit","type":"attachment","link":"https:\/\/www.oacas.org\/fr\/fr_03_kaygan-2\/","title":{"rendered":"FR_03_Kaygan"},"author":21,"featured_media":0,"comment_status":"closed","ping_status":"closed","template":"","meta":{"_links_to":"","_links_to_target":""},"class_list":["post-14507","attachment","type-attachment","status-inherit","hentry"],"description":{"rendered":"<p class=\"attachment\"><a rel='wp-prettyPhoto' href='https:\/\/www.oacas.org\/wp-content\/uploads\/2023\/04\/FR_03_Kaygan-1-scaled.jpg' rel=\"wp-prettyPhoto[14507]\"><img fetchpriority=\"high\" decoding=\"async\" width=\"2560\" height=\"1440\" src=\"https:\/\/www.oacas.org\/wp-content\/uploads\/2023\/04\/FR_03_Kaygan-1-scaled.jpg\" class=\"attachment-medium size-medium\" alt=\"\" srcset=\"https:\/\/www.oacas.org\/wp-content\/uploads\/2023\/04\/FR_03_Kaygan-1-scaled.jpg 2560w, https:\/\/www.oacas.org\/wp-content\/uploads\/2023\/04\/FR_03_Kaygan-1-768x432.jpg 768w, https:\/\/www.oacas.org\/wp-content\/uploads\/2023\/04\/FR_03_Kaygan-1-1536x864.jpg 1536w, https:\/\/www.oacas.org\/wp-content\/uploads\/2023\/04\/FR_03_Kaygan-1-2048x1152.jpg 2048w\" sizes=\"(max-width: 2560px) 100vw, 2560px\" \/><\/a><\/p>\n"},"caption":{"rendered":"<p>\u00ab En fait, j\u2019ai pass\u00e9 toute ma vie dans un centre d\u2019accueil, dans une famille et dans un foyer. Je leur en suis tr\u00e8s, tr\u00e8s reconnaissante, car ils m\u2019ont donn\u00e9 la s\u00e9curit\u00e9 et l\u2019espace dont j\u2019avais besoin pour grandir et me sentir \u00e0 l\u2019aise l\u00e0 o\u00f9 j\u2019\u00e9tais. Je sais que beaucoup d\u2019enfants plac\u00e9s n\u2019aiment pas d\u00e9m\u00e9nager constamment, \u00e0 aller dans des endroits diff\u00e9rents et recommencer une nouvelle famille. Aujourd\u2019hui, je suis un parent et j\u2019en suis fier. \u00catre tout ce que mes parents biologiques n\u2019ont pas pu \u00eatre pour moi, pour mes enfants, et briser pour eux le cercle vicieux de la prise en charge de toute ma famille. \u00bb<\/p>\n"},"alt_text":"","media_type":"image","mime_type":"image\/jpeg","media_details":{"width":2560,"height":1440,"file":"2023\/04\/FR_03_Kaygan-1-scaled.jpg","filesize":511559,"sizes":{"medium_large":{"file":"FR_03_Kaygan-1-768x432.jpg","width":768,"height":432,"filesize":110947,"mime_type":"image\/jpeg","source_url":"https:\/\/www.oacas.org\/wp-content\/uploads\/2023\/04\/FR_03_Kaygan-1-768x432.jpg"},"1536x1536":{"file":"FR_03_Kaygan-1-1536x864.jpg","width":1536,"height":864,"filesize":251735,"mime_type":"image\/jpeg","source_url":"https:\/\/www.oacas.org\/wp-content\/uploads\/2023\/04\/FR_03_Kaygan-1-1536x864.jpg"},"2048x2048":{"file":"FR_03_Kaygan-1-2048x1152.jpg","width":2048,"height":1152,"filesize":373197,"mime_type":"image\/jpeg","source_url":"https:\/\/www.oacas.org\/wp-content\/uploads\/2023\/04\/FR_03_Kaygan-1-2048x1152.jpg"},"sow-carousel-default":{"file":"FR_03_Kaygan-1-272x182.jpg","width":272,"height":182,"filesize":54429,"mime_type":"image\/jpeg","source_url":"https:\/\/www.oacas.org\/wp-content\/uploads\/2023\/04\/FR_03_Kaygan-1-272x182.jpg"},"full":{"file":"FR_03_Kaygan-1-scaled.jpg","width":2560,"height":1440,"mime_type":"image\/jpeg","source_url":"https:\/\/www.oacas.org\/wp-content\/uploads\/2023\/04\/FR_03_Kaygan-1-scaled.jpg"}},"image_meta":{"aperture":"0","credit":"","camera":"","caption":"","created_timestamp":"0","copyright":"","focal_length":"0","iso":"0","shutter_speed":"0","title":"","orientation":"0","keywords":[]},"original_image":"FR_03_Kaygan-1.jpg"},"post":null,"source_url":"https:\/\/www.oacas.org\/wp-content\/uploads\/2023\/04\/FR_03_Kaygan-1-scaled.jpg","_links":{"self":[{"href":"https:\/\/www.oacas.org\/fr\/wp-json\/wp\/v2\/media\/14507","targetHints":{"allow":["GET"]}}],"collection":[{"href":"https:\/\/www.oacas.org\/fr\/wp-json\/wp\/v2\/media"}],"about":[{"href":"https:\/\/www.oacas.org\/fr\/wp-json\/wp\/v2\/types\/attachment"}],"author":[{"embeddable":true,"href":"https:\/\/www.oacas.org\/fr\/wp-json\/wp\/v2\/users\/21"}],"replies":[{"embeddable":true,"href":"https:\/\/www.oacas.org\/fr\/wp-json\/wp\/v2\/comments?post=14507"}]}}

<p>« En fait, j’ai passé toute ma vie dans un centre d’accueil, dans une famille et dans un foyer. Je leur en suis très, très reconnaissante, car ils m’ont donné la sécurité et l’espace dont j’avais besoin pour grandir et me sentir à l’aise là où j’étais. Je sais que beaucoup d’enfants placés n’aiment pas déménager constamment, à aller dans des endroits différents et recommencer une nouvelle famille. Aujourd’hui, je suis un parent et j’en suis fier. Être tout ce que mes parents biologiques n’ont pas pu être pour moi, pour mes enfants, et briser pour eux le cercle vicieux de la prise en charge de toute ma famille. »</p>
